{"id":2731,"date":"2012-05-24T20:49:16","date_gmt":"2012-05-24T20:49:16","guid":{"rendered":"http:\/\/www.mx-bretagne.com\/mxb\/?page_id=2731"},"modified":"2022-09-15T09:24:49","modified_gmt":"2022-09-15T08:24:49","slug":"palmares","status":"publish","type":"page","link":"https:\/\/mx-bretagne.com\/mxb\/palmares","title":{"rendered":"PALMARES BRETAGNE"},"content":{"rendered":"<p style=\"text-align: center;\"><img decoding=\"async\" loading=\"lazy\" class=\"size-full wp-image-2746 aligncenter\" title=\"palmares_motocross_bretagne\" src=\"http:\/\/www.mx-bretagne.com\/mxb\/wp-content\/uploads\/2012\/05\/palmares.jpg\" alt=\"\" width=\"900\" height=\"135\" srcset=\"https:\/\/mx-bretagne.com\/mxb\/wp-content\/uploads\/2012\/05\/palmares.jpg 1000w, https:\/\/mx-bretagne.com\/mxb\/wp-content\/uploads\/2012\/05\/palmares-300x45.jpg 300w\" sizes=\"(max-width: 900px) 100vw, 900px\" \/><\/p>\n<p style=\"text-align: justify;\"><strong>Le Motocross Breton a une histoire, un palmar\u00e8s de plusieurs dizaines de Champions. Cependant, il existe peu ou pas d&rsquo;archives disponibles alors nous nous sommes dit qu&rsquo;avec le nombre croissant de visiteurs d&rsquo;Mx Bretagne, il y aurait la possibilit\u00e9 de retracer le pass\u00e9 avec l&rsquo;aide de chacun d&rsquo;entre vous.\u00a0<\/strong><\/p>\n<p style=\"text-align: justify;\"><!--more--><\/p>\n<p>Vous souhaitez faire une mise \u00e0 jour ? Remplissez le formulaire en bas de page !<\/p>\n<h2>125cc FFM<\/h2>\n<p>2022: Alexandre MORDRET &#8211; YAMAHA 125<br \/>\n2021: R\u00e9my MORDRET &#8211; YAMAHA 125<br \/>\n2020: Killian VINCENT &#8211; KTM 125 (une seule \u00e9preuve)<br \/>\n2019: R\u00e9my MORDRET &#8211; YAMAHA 125<br \/>\n2018: Pierre Olivier CUEFF &#8211; HUSQVARNA 125<br \/>\n2017: R\u00e9my MORDRET &#8211; YAMAHA 125<\/p>\n<h2>125cc\/MX2 FFM<\/h2>\n<h3>Ann\u00e9es 2020<\/h3>\n<p><span style=\"font-size: 12pt;\">2022: Julien DUHAMEL &#8211; GASGAS 250 4tps<br \/>\n2021: Julien CABIOCH &#8211; YAMAHA 250 4tps<br \/>\n2020: Romain PAPE &#8211; KAWASAKI 250 4tps (une seule \u00e9preuve)<br \/>\n<\/span><\/p>\n<h3>Ann\u00e9es 2010<\/h3>\n<p><span style=\"font-size: 12pt;\">2019: Alexis MAHE &#8211; KTM 250 4tps<br \/>\n<\/span>2018: Julien CABIOCH &#8211; YAMAHA 250 4tps<br \/>\n<span style=\"font-size: 12pt;\">2017: Pierre Cohas &#8211; YAMAHA 250 4tps<\/span><br \/>\n<span style=\"font-size: 12pt;\">2016: Romain PAPE &#8211; YAMAHA 250 4tps<\/span><br \/>\n<span style=\"font-size: 12pt;\">2015: Alexandre LEFRANCOIS &#8211; SUZUKI 250 4tps<\/span><br \/>\n<span style=\"font-size: 12pt;\">2014: Julien CABIOCH &#8211; YAMAHA 250 4tps<\/span><br \/>\n<span style=\"font-size: 12pt;\">2013: Julien CABIOCH &#8211; YAMAHA 250 4tps<\/span><br \/>\n<span style=\"font-size: 12pt;\">2012: Aur\u00e9lien LOGIOU &#8211; KTM 250 4 tps<\/span><br \/>\n<span style=\"font-size: small;\"><span style=\"font-size: 12pt;\">2011: Th\u00e9o ROPTIN &#8211; KTM 250 4tps<\/span><br \/>\n<em><span style=\"font-size: x-small;\">Il remporte un Championnat passionnant face \u00e0 des adversaires coriaces (J-B Brecheteau, A Logiou, J Beaugendre, T Egler &#8230;)<br \/>\n<\/span><\/em><\/span><span style=\"font-size: small;\"><span style=\"font-size: 12pt;\">2010: Charly RIBET &#8211; YAMAHA\u00a0250 4tps.<\/span><br \/>\n<span style=\"font-size: x-small;\"><em>Nouveau venu en Bretagne, Charly Ribet n&rsquo;a laiss\u00e9 que des miettes \u00e0 ses adversaires (S Le Gad, S Raulois, J Beaugendre, A Logiou &#8230;)<\/em><\/span><\/span><\/p>\n<h3>Ann\u00e9es\u00a02000<\/h3>\n<p><span style=\"font-size: small;\"><span style=\"font-size: 12pt;\">2009: Hugo NOBLET &#8211; YAMAHA 250 4tps.<\/span><br \/>\n<em><span style=\"font-size: x-small;\">Hugo se retrouve favori en 2009 et g\u00e8re parfaitement l&rsquo;ann\u00e9e face \u00e0 S Le Gad, T Egler, F Grassin, Tricoire &#8230;<br \/>\n<\/span><\/em><\/span><span style=\"font-size: 12pt;\">2008:\u00a0Hugo NOBLET &#8211; YAMAHA 250 4tps<br \/>\n<\/span><span style=\"font-size: 12pt;\">2007: Lo\u00efc MARCHANDISE &#8211; HONDA 250 4tps<br \/>\n<\/span><span style=\"font-size: 12pt;\">2006: Alexandre LEFRANCOIS &#8211; SUZUKI 250 4tps<br \/>\n<\/span><span style=\"font-size: 12pt;\">2005: Guillaume FOUILLET &#8211; YAMAHA 250 4tps<br \/>\n<\/span><span style=\"font-size: 12pt;\">2004: Alexandre LEFRANCOIS &#8211; YAMAHA 250 4tps<br \/>\n<\/span><span style=\"font-size: 12pt;\">2003: S\u00e9bastien RABE<br \/>\n<\/span><span style=\"font-size: 12pt;\">2002:Anthony FOUILLET<br \/>\n<\/span><span style=\"font-size: 12pt;\">2001:Anthony FOUILLET 125 YZ<br \/>\n<\/span><span style=\"font-size: 12pt;\">2000: S\u00e9bastien RABE<\/span><\/p>\n<h3>Ann\u00e9es 1990<\/h3>\n<p><span style=\"font-size: 12pt;\">1999: S\u00e9bastien RABE<br \/>\n<\/span><span style=\"font-size: 12pt;\">1998: S\u00e9bastien COUE<br \/>\n<\/span><span style=\"font-size: 12pt;\">1997: Jocelyn HENRI<br \/>\n<\/span><span style=\"font-size: 12pt;\">1996: Ludovic HARNOIS<br \/>\n<\/span><span style=\"font-size: 12pt;\">1995:\u00a0Bruno RABRUAU<br \/>\n<\/span><span style=\"font-size: 12pt;\">1994: Bruno RABRUAU (Cadet\u00a0Nicolas Maillard)<br \/>\n<\/span><span style=\"font-size: 12pt;\">1993:\u00a0Bruno RABRUAU<br \/>\n<\/span><span style=\"font-size: 12pt;\">1992:\u00a0\u00a0Hugues\u00a0BEDEL<br \/>\n<\/span><span style=\"font-size: 12pt;\">1991:<br \/>\n<\/span><span style=\"font-size: 12pt;\">1990:\u00a0Hugues\u00a0BEDEL<\/span><\/p>\n<h3>Ann\u00e9es 1980<\/h3>\n<p><span style=\"font-size: 12pt;\">1989: Eric JEHANNIN\u00a0(125 Cadet: Eric BOCHET)<br \/>\n<\/span><span style=\"font-size: 12pt;\">1988:\u00a0Herv\u00e9 MARTINE<br \/>\n<\/span><span style=\"font-size: 12pt;\">1987: Herv\u00e9 MARTINE<br \/>\n<\/span><span style=\"font-size: 12pt;\">1986: Bruno QUESNEL &#8211; Richard TURQUAIS en 125 Junior &#8211; Herv\u00e9 MARTINE en Cadet<br \/>\n<\/span><span style=\"font-size: 12pt;\">1985: Bruno QUESNEL &#8211; Herv\u00e9 LE BECHEC en 125B<br \/>\n<\/span><span style=\"font-size: 12pt;\">1984: St\u00e9phane RONDEL &#8211; Ren\u00e9 BOUGET en 125 JD<br \/>\n<\/span><span style=\"font-size: 12pt;\">1983: Thierry ROBERT &#8211; Jean-Pierre GARIN en 125 JD<br \/>\n<\/span><span style=\"font-size: 12pt;\">1982: Yann BAULARD &#8211; Lo\u00efc MAILLEUX en 125 JD<br \/>\n<\/span><span style=\"font-size: 12pt;\">1981: Jean-Luc LE BOUDOUIL<br \/>\n<\/span><span style=\"font-size: 12pt;\">1980: Yann SINET<\/span><\/p>\n<h3>Ann\u00e9es 1970<\/h3>\n<p><span style=\"font-size: 12pt;\">1979: BOUILLY<br \/>\n<\/span><span style=\"font-size: 12pt;\">1978:<br \/>\n<\/span><span style=\"font-size: 12pt;\">1977: BOUILLY<br \/>\n<\/span><span style=\"font-size: 12pt;\">1976: Serge Gelebart &#8211; 125 KTM<\/span><\/p>\n<h2>OPEN\/MX1 FFM<\/h2>\n<h3>Ann\u00e9es 2020<\/h3>\n<p><span style=\"font-size: 12pt;\">2022: Vincent CORRE &#8211; HONDA 450 4tps<br \/>\n2021: Gr\u00e9gory MARECHAL &#8211; HUSQVARNA<br \/>\n2020: Adrien LAMOUR &#8211; YAMAHA 450 4tps (une seule \u00e9preuve)<br \/>\n<\/span><\/p>\n<h3>Ann\u00e9es 2010<\/h3>\n<p><span style=\"font-size: 12pt;\">2019: Adrien LAMOUR &#8211; YAMAHA 450 4tps<br \/>\n2018: Adrien LAMOUR &#8211; YAMAHA 450 4tps<br \/>\n<\/span><span style=\"font-size: 12pt;\">2017: Vincent CORRE &#8211; YAMAHA 450 4tps<br \/>\n<\/span><span style=\"font-size: 12pt;\">2016:\u00a0David ADAM &#8211; KAWASAKI 450 4tps<br \/>\n<\/span><span style=\"font-size: 12pt;\">2015:\u00a0David ADAM &#8211; KAWASAKI 450 4tps<br \/>\n<\/span><span style=\"font-size: 12pt;\">2014: David ADAM &#8211; KAWASAKI 450 4tps<br \/>\n<\/span><span style=\"font-size: 12pt;\">2013: Maxime EMERY &#8211; KAWASAKI 450 4tps<br \/>\n<\/span><span style=\"font-size: 12pt;\">2012: Maxime EMERY &#8211; KAWASAKI 450 4tps<br \/>\n<\/span><span style=\"font-size: 12pt;\">2011: Maxime EMERY &#8211; KTM 450 4tps<br \/>\n<\/span><span style=\"font-size: small;\"><span style=\"font-size: 12pt;\">2010: Killian CHASTEL &#8211; KTM 250 2tps\/450 4tps<\/span><br \/>\n<span style=\"font-size: x-small;\"><em>D\u00e9but de saison en 450 KTM avant de casser un moteur et de repasser en 250 2tps vers la fin du Championnat.\u00a0<\/em><\/span><\/span><\/p>\n<h3>Ann\u00e9es\u00a02000<\/h3>\n<p><span style=\"font-size: 12pt;\">2009: Lo\u00efc MARCHANDISE &#8211; HONDA 450 4tps<br \/>\n<\/span><em><span style=\"font-size: x-small;\">\u00a0En 2009, c&rsquo;est un mano \u00e0 mano Marchandise\/F Stervinou qui se d\u00e9roule. Pour sa derni\u00e8re saison, Lo\u00efc voulait le titre et s&rsquo;est battu toute la saison comme un beau diable pour parvenir \u00e0 ses fins. On se souvient notamment de la Finale de Goudelin, particuli\u00e8rement passionnante entre les deux hommes.<\/span><\/em><\/p>\n<p><span style=\"font-size: 12pt;\">2008: Alexandre LEFRANCOIS &#8211; KAWASAKI 450 4tps<br \/>\n<\/span><span style=\"font-size: 12pt;\">2007: Guillaume FOUILLET &#8211; YAMAHA<br \/>\n<\/span><span style=\"font-size: 12pt;\">2006: Olivier TALEC\u00a0&#8211; HONDA 450 4tps<br \/>\n<\/span><span style=\"font-size: 12pt;\">2005: Olivier BRUNEAU &#8211; HONDA 450 4tps<br \/>\n<\/span><span style=\"font-size: 12pt;\">2004: Fr\u00e9d\u00e9ric LOISEL\u00a0&#8211; HONDA 450 4tps<br \/>\n<\/span><span style=\"font-size: 12pt;\">2003: Gregory STRUGEON\u00a0&#8211; HONDA 450 4tps<br \/>\n<\/span><span style=\"font-size: 12pt;\">2002: Olivier BRUNEAU &#8211; HONDA<br \/>\n<\/span><span style=\"font-size: 12pt;\">2001: Olivier LAMBERT<br \/>\n<\/span><span style=\"font-size: 12pt;\">2000: S\u00e9bastien ROUXEL &#8211; YAMAHA 250 2tps<\/span><\/p>\n<h3>Ann\u00e9es 1990<\/h3>\n<p><span style=\"font-size: 12pt;\">1999:\u00a0Olivier \u00a0BRUNEAU &#8211; HONDA 250 2tps<br \/>\n<\/span><span style=\"font-size: 12pt;\">1998: Jocelyn HENRI\u00a0\u00a0&#8211; HONDA 250 2tps<br \/>\n<\/span><span style=\"font-size: 12pt;\">1997: Olivier \u00a0BRUNEAU &#8211; HONDA 250 2tps<br \/>\n<\/span><span style=\"font-size: 12pt;\">1996: Christophe LERAY<br \/>\n<\/span><span style=\"font-size: 12pt;\">1995:<br \/>\n<\/span><span style=\"font-size: 12pt;\">1994: Herv\u00e9 MARTINE<br \/>\n<\/span><span style=\"font-size: 12pt;\">1993: Herv\u00e9 MARTINE<br \/>\n<\/span><span style=\"font-size: 12pt;\">1992:<br \/>\n<\/span><span style=\"font-size: 12pt;\">1991:<br \/>\n<\/span><span style=\"font-size: 12pt;\">1990:<\/span><\/p>\n<h3>Ann\u00e9es 1980<\/h3>\n<p><span style=\"font-size: 12pt;\">1989: Bruno QUESNEL<br \/>\n<\/span><span style=\"font-size: 12pt;\">1988:\u00a0Herv\u00e9 MARTINE<br \/>\n<\/span><span style=\"font-size: 12pt;\">1987: Jean-Michel CORDUAN<br \/>\n<\/span><span style=\"font-size: 12pt;\">1986: Yann GUEDARD<br \/>\n<\/span><span style=\"font-size: 12pt;\">1985: Yann BAULARD<br \/>\n<\/span><span style=\"font-size: 12pt;\">1984: Michel LE BOUDOUIL<br \/>\n<\/span><span style=\"font-size: 12pt;\">1983: Yann SINET<br \/>\n<\/span><span style=\"font-size: 12pt;\">1982: J-Luc BERNARD<br \/>\n<\/span><span style=\"font-size: small;\"><span style=\"font-size: 12pt;\">1981: Jean-Paul SAVIDAN<\/span><br \/>\n<em><span style=\"font-size: x-small;\">Le 4 octobre 1981 reste une date grav\u00e9e dans la m\u00e9moire de Jean-Paul Savidan. En effet, le pilote du Moto-club briochin devenait, ce jour-l\u00e0, champion de Bretagne de motocross en 250-500cm\u00b3 sur le circuit de Tr\u00e9gueux. Une belle performance qui venait r\u00e9compenser la r\u00e9gularit\u00e9 du Ploufraganais, toujours plac\u00e9 dans les manches. <strong>\u00abCertains disent que je conserve ce brin nostalgique mais pour moi, ce fut l&rsquo;apoth\u00e9ose d&rsquo;une belle aventure, m\u00eame si par la suite j&rsquo;ai continu\u00e9 \u00e0 bien me comporter. Mais ce titre r\u00e9gional m&rsquo;a combl\u00e9 \u00e0 l&rsquo;\u00e9poque de bonheur, autant que mes s\u00e9lections aux diff\u00e9rents championnats de France.\u00bb<\/strong> Intarissable sur les d\u00e9tails de cette journ\u00e9e historique, Jean-Paul Savidan a gard\u00e9 le m\u00eame enthousiasme 30 ans apr\u00e8s:<strong> \u00abJe pilote toujours le m\u00eame mod\u00e8le de moto avec, bien s\u00fbr, moins d&rsquo;aptitudes physiques car le pilotage est toujours l\u00e0.\u00bb<\/strong><\/span><\/em><\/span><\/p>\n<p><span style=\"font-size: small;\">1980: Jean-Yves BOULLY<\/span><\/p>\n<h3>Ann\u00e9e 1970<\/h3>\n<p><span style=\"font-size: 12pt;\">1979: G\u00e9rard ROUSSEL<br \/>\n<\/span><span style=\"font-size: 12pt;\">1978:<br \/>\n<\/span><span style=\"font-size: 12pt;\">1977:<br \/>\n<\/span><span style=\"font-size: 12pt;\">1976<br \/>\n<\/span><span style=\"font-size: 12pt;\">1975:<br \/>\n<\/span><span style=\"font-size: 12pt;\">1974: Guy Gelebart &#8211; 250 Montesa 2tps<\/span><\/p>\n<h2>PALMARES UFOLEP<\/h2>\n<h2>2000<\/h2>\n<p><span style=\"font-size: 12pt;\">85 Micka\u00ebl Levisage<\/span><br \/>\n<span style=\"font-size: 12pt;\">125 Ludovic Angenard<\/span><br \/>\n<span style=\"font-size: 12pt;\">250 Christophe Boisram\u00e9<\/span><br \/>\n<span style=\"font-size: 12pt;\">V\u00e9t\u00e9rans Daniel Stervinou<\/span><\/p>\n<h2>2001<\/h2>\n<p><span style=\"font-size: 12pt;\">85 Aur\u00e9lien Ratier<\/span><br \/>\n<span style=\"font-size: 12pt;\">125 Nicolas Derouin<\/span><br \/>\n<span style=\"font-size: 12pt;\">250 Yann Baulard<\/span><br \/>\n<span style=\"font-size: 12pt;\">V\u00e9t\u00e9rans Daniel Stervinou<\/span><\/p>\n<h2>2002<\/h2>\n<p><span style=\"font-size: 12pt;\">85 Loan Guillot<\/span><br \/>\n<span style=\"font-size: 12pt;\">125 Florian Stervinou<\/span><br \/>\n<span style=\"font-size: 12pt;\">250 Nicolas Derouin<\/span><br \/>\n<span style=\"font-size: 12pt;\">V\u00e9t\u00e9rans Daniel Stervinou<\/span><\/p>\n<h2>2003<\/h2>\n<p><span style=\"font-size: 12pt;\">85 Loan Guillot<\/span><br \/>\n<span style=\"font-size: 12pt;\">125 Nicolas Boru<\/span><br \/>\n<span style=\"font-size: 12pt;\">250 Christophe Boisram\u00e9<\/span><br \/>\n<span style=\"font-size: 12pt;\">V\u00e9t\u00e9rans Daniel Stervinou<\/span><\/p>\n<h2>2004<\/h2>\n<p><span style=\"font-size: 12pt;\">85 Alexandre Friteau<\/span><br \/>\n<span style=\"font-size: 12pt;\">125 Yohan Cardinal<\/span><br \/>\n<span style=\"font-size: 12pt;\">250 Yann Baulard<\/span><br \/>\n<span style=\"font-size: 12pt;\">V\u00e9t\u00e9rans Dominique Salles<\/span><\/p>\n<h2>2005<\/h2>\n<p><span style=\"font-size: 12pt;\">85 Steven Guillot<\/span><br \/>\n<span style=\"font-size: 12pt;\">125 Aur\u00e9lien Toulain<\/span><br \/>\n<span style=\"font-size: 12pt;\">250 Ludovic Angenard<\/span><br \/>\n<span style=\"font-size: 12pt;\">V\u00e9t\u00e9rans Bruno Quesnel<\/span><\/p>\n<h2>2006<\/h2>\n<p><span style=\"font-size: 12pt;\">85 ?<\/span><br \/>\n<span style=\"font-size: 12pt;\">125 ?<\/span><br \/>\n<span style=\"font-size: 12pt;\">250 ?<\/span><br \/>\n<span style=\"font-size: 12pt;\">V\u00e9t\u00e9rans ?<\/span><\/p>\n<h2>2007<\/h2>\n<p><span style=\"font-size: 12pt;\">85 Micka\u00ebl Villalard<\/span><br \/>\n<span style=\"font-size: 12pt;\">125 Aur\u00e9lien Toulain<\/span><br \/>\n<span style=\"font-size: 12pt;\">250 Joris Fouasse<\/span><br \/>\n<span style=\"font-size: 12pt;\">V\u00e9t\u00e9rans Bruno Quesnel<\/span><\/p>\n<h2>2008<\/h2>\n<p><span style=\"font-size: 12pt;\">85 Florian Salles<\/span><br \/>\n<span style=\"font-size: 12pt;\">125 Thomas Gautier<\/span><br \/>\n<span style=\"font-size: 12pt;\">250 Christophe Monvoisin<\/span><br \/>\n<span style=\"font-size: 12pt;\">V\u00e9t\u00e9rans Bruno Rabruau<\/span><\/p>\n<h2>2009<\/h2>\n<p><span style=\"font-size: 12pt;\">85<\/span><br \/>\n<span style=\"font-size: 12pt;\">125 Florian Salles<\/span><br \/>\n<span style=\"font-size: 12pt;\">250 Christophe Leray<\/span><br \/>\n<span style=\"font-size: 12pt;\">V\u00e9t\u00e9rans Bruno Quesnel<\/span><\/p>\n<h2>2010<\/h2>\n<p><span style=\"font-size: 12pt;\">85 Fran\u00e7is Beliot<\/span><br \/>\n<span style=\"font-size: 12pt;\">125 Jocelyn Canevet<\/span><br \/>\n<span style=\"font-size: 12pt;\">250 Christophe Leray<\/span><br \/>\n<span style=\"font-size: 12pt;\">V\u00e9t\u00e9rans Yann Baulard<\/span><\/p>\n<h2>2011<\/h2>\n<p><span style=\"font-size: 12pt;\">85 Frankie Brouard<\/span><br \/>\n<span style=\"font-size: 12pt;\">125 Teddy Divet<\/span><br \/>\n<span style=\"font-size: 12pt;\">250 Bruno Rabruau<\/span><br \/>\n<span style=\"font-size: 12pt;\">V\u00e9t\u00e9rans Bruno Quesnel<\/span><\/p>\n<h2>2012<\/h2>\n<p><span style=\"font-size: 12pt;\">85 Gr\u00e9gory\u00a0 Mar\u00e9chal<\/span><br \/>\n<span style=\"font-size: 12pt;\">125 Alize Vianney Blandin<\/span><br \/>\n<span style=\"font-size: 12pt;\">250 Aliz\u00e9 Damien Bataller<\/span><br \/>\n<span style=\"font-size: 12pt;\">V\u00e9t\u00e9rans Aliz\u00e9 Olivier Bordeau<\/span><br \/>\n<span style=\"font-size: 12pt;\">125 Oc\u00e9ane Bruno Rabruau<\/span><br \/>\n<span style=\"font-size: 12pt;\">250 Oc\u00e9ane Aur\u00e9lien Toulain<\/span><br \/>\n<span style=\"font-size: 12pt;\">V\u00e9t\u00e9rans Oc\u00e9ane Fr\u00e9d\u00e9ric Adam<\/span><br \/>\n<span style=\"font-size: 12pt;\">F\u00e9minine Adeline Corbel<\/span><\/p>\n<h2>2013<\/h2>\n<p><span style=\"font-size: 12pt;\">85 Alexis Gautier<\/span><br \/>\n<span style=\"font-size: 12pt;\">125 Alize Maxime Blandin<\/span><br \/>\n<span style=\"font-size: 12pt;\">250 Aliz\u00e9 Mathieu Neveu<\/span><br \/>\n<span style=\"font-size: 12pt;\">V\u00e9t\u00e9rans Aliz\u00e9 R\u00e9mi Blanchet<\/span><br \/>\n<span style=\"font-size: 12pt;\">125 Oc\u00e9ane Guillaume Berest<\/span><br \/>\n<span style=\"font-size: 12pt;\">250 Oc\u00e9ane Aur\u00e9lien Toulain<\/span><br \/>\n<span style=\"font-size: 12pt;\">V\u00e9t\u00e9rans Oc\u00e9ane Bruno Rabruau<\/span><br \/>\n<span style=\"font-size: 12pt;\">F\u00e9minine C\u00e9lina Chauvin<\/span><\/p>\n<h2>2014<\/h2>\n<p><span style=\"font-size: 12pt;\">85 Nathan Toxe<\/span><br \/>\n<span style=\"font-size: 12pt;\">125 Aliz\u00e9 J\u00e9r\u00f4me Launay<\/span><br \/>\n<span style=\"font-size: 12pt;\">250 Aliz\u00e9 J\u00e9r\u00f4me Robert<\/span><br \/>\n<span style=\"font-size: 12pt;\">V\u00e9t\u00e9rans Aliz\u00e9 Yannick Chesnot<\/span><br \/>\n<span style=\"font-size: 12pt;\">125 Oc\u00e9ane Vianney Blandin<\/span><br \/>\n<span style=\"font-size: 12pt;\">250 Oc\u00e9ane Axel Seynave<\/span><br \/>\n<span style=\"font-size: 12pt;\">V\u00e9t\u00e9rans Oc\u00e9ane Fr\u00e9d\u00e9ric Adam<\/span><\/p>\n<h2>2015<\/h2>\n<p><span style=\"font-size: 12pt;\">85 J\u00e9r\u00e9my Even<\/span><br \/>\n<span style=\"font-size: 12pt;\">125 Aliz\u00e9 C\u00e9drick Gauthier<\/span><br \/>\n<span style=\"font-size: 12pt;\">250 Aliz\u00e9 Franck Grassin<\/span><br \/>\n<span style=\"font-size: 12pt;\">V\u00e9t\u00e9rans Aliz\u00e9 Yannick Chesnot<\/span><br \/>\n<span style=\"font-size: 12pt;\">125 Oc\u00e9ane Micka\u00ebl Levisage<\/span><br \/>\n<span style=\"font-size: 12pt;\">250 Oc\u00e9ane Guillaume Berest<\/span><br \/>\n<span style=\"font-size: 12pt;\">V\u00e9t\u00e9rans Oc\u00e9ane Alain Chenal<\/span><\/p>\n<p><strong>Mis \u00e0 jour avec l&rsquo;aide de: Johann, Fr\u00e9d\u00e9ric, Lo\u00efc, Olivier, Yves, Eric, Thierry, Jocelyn, V\u00e9ronique, Didier et pourquoi pas vous ?<\/strong><\/p>\n<p style=\"text-align: center;\">\n<div class=\"wpcf7 no-js\" id=\"wpcf7-f4-o1\" lang=\"en-US\" dir=\"ltr\">\n<div class=\"screen-reader-response\"><p role=\"status\" aria-live=\"polite\" aria-atomic=\"true\"><\/p> <ul><\/ul><\/div>\n<form action=\"\/mxb\/wp-json\/wp\/v2\/pages\/2731#wpcf7-f4-o1\" method=\"post\" class=\"wpcf7-form init\" aria-label=\"Contact form\" novalidate=\"novalidate\" data-status=\"init\">\n<div style=\"display: none;\">\n<input type=\"hidden\" name=\"_wpcf7\" value=\"4\" \/>\n<input type=\"hidden\" name=\"_wpcf7_version\" value=\"5.8.6\" \/>\n<input type=\"hidden\" name=\"_wpcf7_locale\" value=\"en_US\" \/>\n<input type=\"hidden\" name=\"_wpcf7_unit_tag\" value=\"wpcf7-f4-o1\" \/>\n<input type=\"hidden\" name=\"_wpcf7_container_post\" value=\"0\" \/>\n<input type=\"hidden\" name=\"_wpcf7_posted_data_hash\" value=\"\" \/>\n<input type=\"hidden\" name=\"_wpcf7_recaptcha_response\" value=\"\" \/>\n<\/div>\n<p>Votre nom (obligatoire)\n<\/p>\n<p><span class=\"wpcf7-form-control-wrap\" data-name=\"your-name\"><input size=\"40\" class=\"wpcf7-form-control wpcf7-text wpcf7-validates-as-required\" aria-required=\"true\" aria-invalid=\"false\" value=\"\" type=\"text\" name=\"your-name\" \/><\/span>\n<\/p>\n<p>Votre email (obligatoire)\n<\/p>\n<p><span class=\"wpcf7-form-control-wrap\" data-name=\"your-email\"><input size=\"40\" class=\"wpcf7-form-control wpcf7-email wpcf7-validates-as-required wpcf7-text wpcf7-validates-as-email\" aria-required=\"true\" aria-invalid=\"false\" value=\"\" type=\"email\" name=\"your-email\" \/><\/span>\n<\/p>\n<p>Sujet\n<\/p>\n<p><span class=\"wpcf7-form-control-wrap\" data-name=\"your-subject\"><input size=\"40\" class=\"wpcf7-form-control wpcf7-text\" aria-invalid=\"false\" value=\"\" type=\"text\" name=\"your-subject\" \/><\/span>\n<\/p>\n<p>Votre message\n<\/p>\n<p><span class=\"wpcf7-form-control-wrap\" data-name=\"your-message\"><textarea cols=\"40\" rows=\"10\" class=\"wpcf7-form-control wpcf7-textarea\" aria-invalid=\"false\" name=\"your-message\"><\/textarea><\/span>\n<\/p>\n<p><input type=\"hidden\" name=\"_wpcf7_captcha_challenge_captcha\" value=\"232458224\" \/><img class=\"wpcf7-form-control wpcf7-captchac wpcf7-captcha-captcha\" width=\"84\" height=\"28\" alt=\"captcha\" src=\"https:\/\/mx-bretagne.com\/mxb\/wp-content\/uploads\/wpcf7_captcha\/232458224.png\" \/><br \/>\n<span class=\"wpcf7-form-control-wrap\" data-name=\"captcha\"><input size=\"40\" class=\"wpcf7-form-control wpcf7-captchar\" autocomplete=\"off\" aria-invalid=\"false\" value=\"\" type=\"text\" name=\"captcha\" \/><\/span>\n<\/p>\n<p><input class=\"wpcf7-form-control wpcf7-submit has-spinner\" type=\"submit\" value=\"Envoyer\" \/>\n<\/p><p style=\"display: none !important;\" class=\"akismet-fields-container\" data-prefix=\"_wpcf7_ak_\"><label>&#916;<textarea name=\"_wpcf7_ak_hp_textarea\" cols=\"45\" rows=\"8\" maxlength=\"100\"><\/textarea><\/label><input type=\"hidden\" id=\"ak_js_1\" name=\"_wpcf7_ak_js\" value=\"161\"\/><script>document.getElementById( \"ak_js_1\" ).setAttribute( \"value\", ( new Date() ).getTime() );<\/script><\/p><div class=\"wpcf7-response-output\" aria-hidden=\"true\"><\/div>\n<\/form>\n<\/div>\n\n","protected":false},"excerpt":{"rendered":"<p><\/p>\n","protected":false},"author":1,"featured_media":2746,"parent":0,"menu_order":0,"comment_status":"closed","ping_status":"open","template":"","meta":[],"aioseo_notices":[],"_links":{"self":[{"href":"https:\/\/mx-bretagne.com\/mxb\/wp-json\/wp\/v2\/pages\/2731"}],"collection":[{"href":"https:\/\/mx-bretagne.com\/mxb\/wp-json\/wp\/v2\/pages"}],"about":[{"href":"https:\/\/mx-bretagne.com\/mxb\/wp-json\/wp\/v2\/types\/page"}],"author":[{"embeddable":true,"href":"https:\/\/mx-bretagne.com\/mxb\/wp-json\/wp\/v2\/users\/1"}],"replies":[{"embeddable":true,"href":"https:\/\/mx-bretagne.com\/mxb\/wp-json\/wp\/v2\/comments?post=2731"}],"version-history":[{"count":67,"href":"https:\/\/mx-bretagne.com\/mxb\/wp-json\/wp\/v2\/pages\/2731\/revisions"}],"predecessor-version":[{"id":19488,"href":"https:\/\/mx-bretagne.com\/mxb\/wp-json\/wp\/v2\/pages\/2731\/revisions\/19488"}],"wp:featuredmedia":[{"embeddable":true,"href":"https:\/\/mx-bretagne.com\/mxb\/wp-json\/wp\/v2\/media\/2746"}],"wp:attachment":[{"href":"https:\/\/mx-bretagne.com\/mxb\/wp-json\/wp\/v2\/media?parent=2731"}],"curies":[{"name":"wp","href":"https:\/\/api.w.org\/{rel}","templated":true}]}}