{"id":10061,"date":"2014-11-30T23:22:12","date_gmt":"2014-11-30T21:22:12","guid":{"rendered":"http:\/\/www.mx-bretagne.com\/mxb\/?page_id=10061"},"modified":"2016-11-12T23:28:28","modified_gmt":"2016-11-12T22:28:28","slug":"talk-show-le-live","status":"publish","type":"page","link":"https:\/\/mx-bretagne.com\/mxb\/talk-show-le-live","title":{"rendered":"TALK SHOW: LE LIVE"},"content":{"rendered":"<h3 style=\"text-align: justify;\">Prochain direct:\u00a0Dimanche 13 novembre \u00e0 10h00 special \u00ab\u00a0SX Lille\u00a0\u00bb<\/h3>\n<p><!--nextpage--><\/p>\n<h2 style=\"text-align: left;\">LE LIVE<\/h2>\n<p style=\"text-align: left;\"><iframe loading=\"lazy\" src=\"https:\/\/mixlr.com\/users\/487818\/embed?autoplay=true\" width=\"90%\" height=\"180px\" frameborder=\"no\" marginwidth=\"0\" marginheight=\"0\" scrolling=\"no\"><\/iframe><\/p>\n<p style=\"text-align: left;\"><a href=\"http:\/\/mixlr.com\/talkshow_mx\/\">Acc\u00e8s \u00e0 la discussion en direct<\/a><\/p>\n<p style=\"text-align: center;\"><!--nextpage--><\/p>\n<h2>LIVE TWITTER<\/h2>\n<p><a class=\"twitter-timeline\" href=\"https:\/\/twitter.com\/mxbretagne\" data-height=\"600\">Tweets by mxbretagne<\/a><script src=\"\/\/platform.twitter.com\/widgets.js\" async=\"\" charset=\"utf-8\"><\/script><\/p>\n<p style=\"text-align: left;\"><!--nextpage--><\/p>\n<h2 style=\"text-align: left;\">L&rsquo;\u00c9MISSION<\/h2>\n<p style=\"text-align: justify;\">Le\u00a0Talk Show est une \u00e9mission audio diffus\u00e9e en direct de temps en temps pour passer l\u2019actualit\u00e9 du Motocross, Supercross et Enduro \u00e0 la moulinette de mani\u00e8re d\u00e9cal\u00e9e. Le web, les r\u00e9seaux sociaux et le diffuseur Mixlr nous permettent\u00a0d&rsquo;avoir la possibilit\u00e9 d&rsquo;\u00e9changer en direct autour des sujets qui nous animes. C&rsquo;est pourquoi le Talk Show est n\u00e9 en 2011. Apr\u00e8s une coupure de 2 ans, les serveurs se remettent en marche !<\/p>\n","protected":false},"excerpt":{"rendered":"<p>Prochain direct:\u00a0Dimanche 13 novembre \u00e0 10h00 special \u00ab\u00a0SX Lille\u00a0\u00bb<\/p>\n","protected":false},"author":1,"featured_media":15058,"parent":0,"menu_order":0,"comment_status":"closed","ping_status":"closed","template":"page-templates\/template-full-width.php","meta":[],"aioseo_notices":[],"_links":{"self":[{"href":"https:\/\/mx-bretagne.com\/mxb\/wp-json\/wp\/v2\/pages\/10061"}],"collection":[{"href":"https:\/\/mx-bretagne.com\/mxb\/wp-json\/wp\/v2\/pages"}],"about":[{"href":"https:\/\/mx-bretagne.com\/mxb\/wp-json\/wp\/v2\/types\/page"}],"author":[{"embeddable":true,"href":"https:\/\/mx-bretagne.com\/mxb\/wp-json\/wp\/v2\/users\/1"}],"replies":[{"embeddable":true,"href":"https:\/\/mx-bretagne.com\/mxb\/wp-json\/wp\/v2\/comments?post=10061"}],"version-history":[{"count":103,"href":"https:\/\/mx-bretagne.com\/mxb\/wp-json\/wp\/v2\/pages\/10061\/revisions"}],"predecessor-version":[{"id":15080,"href":"https:\/\/mx-bretagne.com\/mxb\/wp-json\/wp\/v2\/pages\/10061\/revisions\/15080"}],"wp:featuredmedia":[{"embeddable":true,"href":"https:\/\/mx-bretagne.com\/mxb\/wp-json\/wp\/v2\/media\/15058"}],"wp:attachment":[{"href":"https:\/\/mx-bretagne.com\/mxb\/wp-json\/wp\/v2\/media?parent=10061"}],"curies":[{"name":"wp","href":"https:\/\/api.w.org\/{rel}","templated":true}]}}